55098 (base 10) to base 5.
-14430343
Convert -10130421401 (base 5) to base 13.
-2203a8c
-21626240 (base 9) to base 7
-154662636
Convert -230310142 (base 5) to base 10.
-1025672
-11111011011101 (base 2) to base 13
-742c
What is -352a9 (base 12) in base 7?
-414525
What is -3500726 (base 9) in base 15?
-2750a9
What is -11270 (base 11) in base 2?
-11111110100011
Convert 2511563 (base 8) to base 12.
29512b
What is 447dd (base 15) in base 13?
78187
Convert -3413000 (base 6) to base 12.
-84160
What is -11c23d (base 16) in base 2?
-100011100001000111101
What is -112021002102 (base 3) in base 9?
-467072
64036312 (base 7) to base 16
52b8d7
-212127 (base 15) to base 5
-400421022
What is 422342102 (base 5) in base 7?
20656320
Convert 45051315 (base 6) to base 7.
14362355
-4023634 (base 7) to base 2
-1110100011001001010
-632990 (base 10) to base 3
-1012011022002
34322554 (base 6) to base 15
15beed
What is 58b35e (base 15) in base 12?
1505698
What is -22b7a52 (base 12) in base 10?
-6711326
What is -10222430 (base 5) in base 13?
-301a8
What is -1111000111000001010101 (base 2) in base 15?
-533912
What is 2a245 (base 11) in base 10?
42883
What is -2b733 (base 12) in base 3?
-10010101210
-1012120211 (base 3) to base 16
-5ccb
What is 2031134420 (base 5) in base 16?
3f8144
-5123440 (base 6) to base 7
-2035503
Convert -121022210210 (base 3) to base 5.
-40240343
2356551 (base 7) to base 16
4941f
What is -cd00 (base 14) in base 16?
-8a94
What is -2330231323 (base 4) in base 7?
-6366415
Convert -532322 (base 8) to base 5.
-21133422
118bbb0 (base 13) to base 7
64230154
111314 (base 6) to base 12
553a
What is 1aaa (base 14) in base 2?
1001011110110
12614400 (base 7) to base 15
17ebbc
What is -110000101110011111 (base 2) in base 3?
-101010202222
-10201111120002 (base 3) to base 8
-7427510
Convert 12a7af (base 16) to base 15.
1923a0
Convert -111011010011101111 (base 2) to base 5.
-30233202
ccab5 (base 14) to base 16
791a7
Convert -713347 (base 8) to base 15.
-49a79
633356 (base 7) to base 11
750aa
59cd7 (base 16) to base 8
1316327
212110202300 (base 4) to base 6
555151252
Convert 14265066 (base 8) to base 14.
6042a2
Convert -55310252 (base 7) to base 8.
-22116605
-3423551 (base 6) to base 11
-10a138
What is 36a74 (base 13) in base 8?
304452
-23222321231 (base 4) to base 7
-35001161
Convert 9766 (base 12) to base 13.
775b
Convert 26b869 (base 15) to base 9.
3446470
What is 225a1 (base 14) in base 9?
136412
-1532044 (base 8) to base 3
-211022122120
-2212200011200 (base 3) to base 16
-175407
535432 (base 6) to base 15
d092
-75701742 (base 8) to base 11
-917a214
What is 21221100211 (base 3) in base 9?
257324
-21222122012012 (base 3) to base 6
-230545522
1282591 (base 11) to base 16
21c90e
What is 1716a (base 11) in base 14?
8b35
5247352 (base 9) to base 11
1647994
-2201102302 (base 4) to base 3
-1020120020211
Convert 12aa670 (base 11) to base 4.
20212111222
Convert 26876 (base 12) to base 16.
cf5a
865103 (base 9) to base 3
222012010010
What is -10605405 (base 7) in base 2?
-11100010001001011101
What is 10221200022 (base 3) in base 16?
12fc8
Convert -25661052 (base 7) to base 3.
-11102102220120
What is -4266156 (base 8) in base 12?
-47097a
Convert -8a484 (base 15) to base 12.
-1925ba
What is -23687 (base 13) in base 2?
-1111110101000110
655510 (base 8) to base 5
24014401
What is 2035491 (base 10) in base 8?
7607443
-522046 (base 12) to base 10
-1289142
What is -32165a (base 11) in base 4?
-1331213331
What is -1814047 (base 9) in base 13?
-296323
23111000 (base 4) to base 8
132500
4105004 (base 10) to base 16
3ea32c
What is 5455 (base 9) in base 8?
7663
Convert -584a96 (base 11) to base 12.
-389766
Convert 34005503 (base 7) to base 8.
13164324
Convert -a14a5 (base 11) to base 8.
-441564
Convert 706a58 (base 11) to base 6.
40210040
What is -3331212303 (base 4) in base 13?
-2a4a76
-9996 (base 12) to base 7
-100311
Convert -21103221 (base 5) to base 16.
-2ad4c
What is -8693137 (base 10) in base 11?
-49a8312
11100001100001001101 (base 2) to base 12
386691
1555135 (base 8) to base 5
103332432
5041253 (base 6) to base 9
403486
Convert -20c329 (base 13) to base 15.
-102ee7
fa28 (base 16) to base 13
231c2
22310213302 (base 4) to base 16
2b49f2
Convert 21aa797 (base 12) to base 13.
1449346
What is 516d4 (base 16) in base 4?
1101123110
What is -101200001020 (base 3) in base 14?
-5674d
-30333320002 (base 4) to base 10
-3407362
What is -3084a6 (base 12) in base 4?
-2321302332
-2451d1 (base 16) to base 5
-1102131431
Convert -1316431 (base 10) to base 2.
-101000001011001001111
Convert 135133301 (base 6) to base 5.
1201441000
Convert 12031121 (base 5) to base 11.
76783
-12221202220202 (base 3) to base 14
-5c537a
-13467c (base 13) to base 9
-781386
Convert -1010001110000100101 (base 2) to base 9.
-560334
1667033 (base 14) to base 16
a7f115
-2043622 (base 9) to base 6
-35222415
Convert 11201311 (base 4) to base 15.
6a9a
Convert -43b7c (base 14) to base 13.
-5994b
What is -1000100111111100001 (base 2) in base 11?
-183353
1421031322 (base 5) to base 12
129b217
What is 2114220 (base 5) in base 11?
24798
6888a (base 11) to base 16
184e8
What is 1210000312 (base 5) in base 3?
12021220010201
Convert 21200122020 (base 3) to base 8.
447510
Convert -31201442 (base 5) to base 14.
-69693
-250400113 (base 7) to base 11
-8963684
-3ab20 (base 12) to base 5
-10043341
Convert 27090 (base 14) to base 15.
1d761
What is -61a27 (base 12) in base 14?
-34715
Convert -7731 (base 15) to base 10.
-25246
What is -7104a6 (base 15) in base 14?
-9da030
-3142112 (base 5) to base 10
-52782
Convert 34211044 (base 5) to base 2.
1001010001100011011
-2432744 (base 9) to base 14
-2654ca
Convert 10111101100111101100110 (base 2) to base 4.
113230331212
Convert -5404015 (base 6) to base 13.
-93977
What is -108f7c8 (base 16) in base 8?
-102173710
What is 452276 (base 9) in base 15?
55310
What is -18a90 (base 16) in base 8?
-305220
772 (base 16) to base 4
131302
What is 159771a (base 11) in base 5?
1144000040
What is -854042 (base 14) in base 16?
-44c06a
288526b (base 12) to base 9
16272522
What is 1112144 (base 11) in base 8?
7340604
212200122010 (base 3) to base 12
1a5a19
Convert 24214144 (base 5) to base 12.
aaa7a
cff0 (base 16) to base 13
1b2ca
-2210200001 (base 3) to base 5
-3231122
What is -2801 (base 11) in base 8?
-7057
What is -14b5925 (base 12) in base 8?
-20060755
Convert 205143521 (base 6) to base 13.
993619
What is -443345 (base 10) in base 2?
-1101100001111010001
Convert 11100101100011001000101 (base 2) to base 12.
2628b19
30111131 (base 4) to base 13
19cc7
3a5b (base 13) to base 4
2002211
What is -42403440 (base 6) in base 10?
-1244976
Convert 32744606 (base 8) to base 11.
3a95276
What is 211121020110 (base 3) in base 9?
747213
What is -262057 (base 11) in base 6?
-12502304
Convert 755327 (base 16) to base 12.
26a979b
What is -4315544 (base 6) in base 2?
-110011111000111000
Convert -18440 (base 11) to base 14.
-95a1
4000010 (base 5) to base 16
f429
Convert -2510332 (base 9) to base 11.
-852573
What is -100011011001101 (base 2) in base 11?
-12688
What is -101011010010101111000 (base 2) in base 7?
-15025623
Convert 95e4f4 (base 16) to base 10.
9823476
Convert 214747 (base 16) to base 10.
2180935
What is -5183b1 (base 12) in base 10?
-1279285
What is -1370384 (base 10) in base 2?
-101001110100100010000
What is 2463610 (base 9) in base 5?
320404001
Convert 16b66 (base 14) to base 12.
29086
Convert 321843 (base 15) to base 13.
65651a
8052a (base 15) to base 13
112b46
20211112011 (base 3) to base 16
20d76
Convert -225770 (base 9) to base 13.
-49899
-43400225 (base 6) to base 9
-2376708
-102111020100 (base 3) to base 12
-aaa69
Convert -1012201102001 (base 3) to base 13.
-19718b
-1121001022002 (base 3) to base 15
-11b0cb
3e81d (base 16) to base 8
764035
Convert 1346825 (base 9) to base 15.
e9352
Convert 30c047 (base 13) to base 14.
2197c2
-58181 (base 9) to base 10
-38791
-8324d4 (base 15) to base 16
-5f2264
What is 1111101101000000100110 (base 2) in base 15?
564a98
66333720 (base 8) to base 10
14268368
Convert 834502 (base 9) to base 3.
221011120002
47a8aa6 (base 11) to base 15
b058c5
276121 (base 8) to base 10
97361
-a43496 (base 15) to base 11
-4452911
241214 (base 12) to base 14
112492
Convert -669a5 (base 15) to base